{"id":1901,"date":"2018-10-21T10:18:58","date_gmt":"2018-10-21T08:18:58","guid":{"rendered":"https:\/\/gipsy-soignies.be\/?page_id=1901"},"modified":"2022-01-13T00:46:47","modified_gmt":"2022-01-12T23:46:47","slug":"encadrement-beaux-arts-papeterie-soignies-mons","status":"publish","type":"page","link":"https:\/\/gipsy-soignies.be\/home\/encadrement-beaux-arts-papeterie-soignies-mons\/","title":{"rendered":"Encadrement"},"content":{"rendered":"<p><div class=\"fusion-fullwidth fullwidth-box fusion-builder-row-1 nonhundred-percent-fullwidth non-hundred-percent-height-scrolling\" style=\"--awb-background-position:left top;--awb-border-radius-top-left:0px;--awb-border-radius-top-right:0px;--awb-border-radius-bottom-right:0px;--awb-border-radius-bottom-left:0px;--awb-padding-top:0px;--awb-padding-bottom:125px;--awb-border-sizes-top:0px;--awb-border-sizes-bottom:0px;--awb-flex-wrap:wrap;\" ><div class=\"fusion-builder-row fusion-row\"><div class=\"fusion-layout-column fusion_builder_column fusion-builder-column-0 fusion_builder_column_1_6 1_6 fusion-one-sixth fusion-column-first\" style=\"--awb-bg-size:cover;width:13.3333%; margin-right: 4%;\"><div class=\"fusion-column-wrapper fusion-flex-column-wrapper-legacy\"><div class=\"fusion-clearfix\"><\/div><\/div><\/div><div class=\"fusion-layout-column fusion_builder_column fusion-builder-column-1 fusion_builder_column_2_3 2_3 fusion-two-third\" style=\"--awb-bg-size:cover;width:65.3333%; margin-right: 4%;\"><div class=\"fusion-column-wrapper fusion-flex-column-wrapper-legacy\"><div class=\"fusion-text fusion-text-1\"><h5 style=\"text-align: center;\">Nous vous proposons un large choix de cadres<\/h5>\n<\/div><div class=\"fusion-sep-clear\"><\/div><div class=\"fusion-separator\" style=\"margin-left: auto;margin-right: auto;margin-top:5px;margin-bottom:0px;width:100%;max-width:30px;\"><div class=\"fusion-separator-border sep-single sep-solid\" style=\"--awb-height:20px;--awb-amount:20px;--awb-sep-color:#999999;border-color:#999999;border-top-width:1px;\"><\/div><\/div><div class=\"fusion-sep-clear\"><\/div><div class=\"fusion-text fusion-text-2\"><h4 style=\"text-align: center; font-size: 33px; line-height: 50px;\">Une mesure sp\u00e9ciale ? Pas de soucis !<\/h4>\n<\/div><div class=\"fusion-clearfix\"><\/div><\/div><\/div><div class=\"fusion-layout-column fusion_builder_column fusion-builder-column-2 fusion_builder_column_1_6 1_6 fusion-one-sixth fusion-column-last\" style=\"--awb-bg-size:cover;width:13.3333%;\"><div class=\"fusion-column-wrapper fusion-flex-column-wrapper-legacy\"><div class=\"fusion-clearfix\"><\/div><\/div><\/div><div class=\"fusion-layout-column fusion_builder_column fusion-builder-column-3 fusion_builder_column_1_1 1_1 fusion-one-full fusion-column-first fusion-column-last\" style=\"--awb-bg-size:cover;\"><div class=\"fusion-column-wrapper fusion-flex-column-wrapper-legacy\"><div class=\"fusion-text fusion-text-3\"><p style=\"text-align: center;\">En collaboration avec une usine gantoise, nous pouvons vous r\u00e9aliser des cadres sur mesure en bois ou en aluminium. Et pour compl\u00e8ter vos cadres nous r\u00e9alisons sur place des passes partout sur mesure de diff\u00e9rentes couleurs.<br \/>\nDe nombreux artistes nous font confiance depuis des ann\u00e9es pour mettre en valeur leurs \u0153uvres. Nous comptons aussi beaucoup de professeurs d\u2019ateliers peinture parmi nos clients.<\/p>\n<p style=\"text-align: center;\">De plus, vous aurez la possibilit\u00e9 de trouver dans nos rayons des articles beaux arts tels que papiers et blocs de dessin, peintures acryliques, aquarelles et \u00e0 l\u2019huile, crayons, pastels, chassis . Peindre en amateur d\u00e9tend mais r\u00e9v\u00e8le aussi et parfois des talents insoup\u00e7onn\u00e9s.<\/p>\n<p style=\"text-align: center;\">Vous b\u00e9n\u00e9ficierez aussi des conseils avis\u00e9s de Mme Delhez autodidacte qui partagera volontiers sa passion de la peinture.<br \/>\nParall\u00e8lement, vous trouverez le mat\u00e9riel scolaire indispensable pour vos enfants ou pour votre bureau.<\/p>\n<\/div><div class=\"fusion-clearfix\"><\/div><\/div><\/div><div class=\"fusion-layout-column fusion_builder_column fusion-builder-column-4 fusion_builder_column_1_1 1_1 fusion-one-full fusion-column-first fusion-column-last fusion-column-no-min-height\" style=\"--awb-bg-size:cover;--awb-margin-bottom:0px;\"><div class=\"fusion-column-wrapper fusion-flex-column-wrapper-legacy\"><div class=\"fusion-image-carousel fusion-image-carousel-auto fusion-image-carousel-1 lightbox-enabled\"><div class=\"awb-carousel awb-swiper awb-swiper-carousel\" data-autoplay=\"yes\" data-columns=\"2\" data-itemmargin=\"40\" data-itemwidth=\"180\" data-touchscroll=\"no\" data-imagesize=\"auto\" data-scrollitems=\"1\" style=\"--awb-columns:2;--awb-column-spacing:40px;\"><div class=\"swiper-wrapper awb-image-carousel-wrapper fusion-flex-align-items-center\"><div class=\"swiper-slide\"><div class=\"fusion-carousel-item-wrapper\"><div class=\"fusion-image-wrapper hover-type-liftup\"><a data-rel=\"iLightbox[image_carousel_1]\" data-title=\"gipsy-soignies-encadrement\" aria-label=\"gipsy-soignies-encadrement\" href=\"https:\/\/gipsy-soignies.be\/wp-content\/uploads\/2018\/10\/gipsy-soignies-encadrement.jpg\" target=\"_self\"><img decoding=\"async\" width=\"510\" height=\"340\" src=\"https:\/\/gipsy-soignies.be\/wp-content\/uploads\/2018\/10\/gipsy-soignies-encadrement.jpg\" class=\"attachment-full size-full\" alt=\"\" srcset=\"https:\/\/gipsy-soignies.be\/wp-content\/uploads\/2018\/10\/gipsy-soignies-encadrement-200x133.jpg 200w, https:\/\/gipsy-soignies.be\/wp-content\/uploads\/2018\/10\/gipsy-soignies-encadrement-400x267.jpg 400w, https:\/\/gipsy-soignies.be\/wp-content\/uploads\/2018\/10\/gipsy-soignies-encadrement.jpg 510w\" sizes=\"(min-width: 2200px) 100vw, (min-width: 692px) 565px, (min-width: 640px) 692px, \" \/><\/a><\/div><\/div><\/div><div class=\"swiper-slide\"><div class=\"fusion-carousel-item-wrapper\"><div class=\"fusion-image-wrapper hover-type-liftup\"><a data-rel=\"iLightbox[image_carousel_1]\" data-title=\"gipsy-soignies-papeterie\" aria-label=\"gipsy-soignies-papeterie\" href=\"https:\/\/gipsy-soignies.be\/wp-content\/uploads\/2018\/10\/gipsy-soignies-papeterie.jpg\" target=\"_self\"><img decoding=\"async\" width=\"510\" height=\"340\" src=\"https:\/\/gipsy-soignies.be\/wp-content\/uploads\/2018\/10\/gipsy-soignies-papeterie.jpg\" class=\"attachment-full size-full\" alt=\"\" srcset=\"https:\/\/gipsy-soignies.be\/wp-content\/uploads\/2018\/10\/gipsy-soignies-papeterie-200x133.jpg 200w, https:\/\/gipsy-soignies.be\/wp-content\/uploads\/2018\/10\/gipsy-soignies-papeterie-400x267.jpg 400w, https:\/\/gipsy-soignies.be\/wp-content\/uploads\/2018\/10\/gipsy-soignies-papeterie.jpg 510w\" sizes=\"(min-width: 2200px) 100vw, (min-width: 692px) 565px, (min-width: 640px) 692px, \" \/><\/a><\/div><\/div><\/div><div class=\"swiper-slide\"><div class=\"fusion-carousel-item-wrapper\"><div class=\"fusion-image-wrapper hover-type-liftup\"><a data-rel=\"iLightbox[image_carousel_1]\" data-title=\"gipsy-soignies-beau-arts\" aria-label=\"gipsy-soignies-beau-arts\" href=\"https:\/\/gipsy-soignies.be\/wp-content\/uploads\/2018\/10\/gipsy-soignies-beau-arts.jpg\" target=\"_self\"><img decoding=\"async\" width=\"510\" height=\"340\" src=\"https:\/\/gipsy-soignies.be\/wp-content\/uploads\/2018\/10\/gipsy-soignies-beau-arts.jpg\" class=\"attachment-full size-full\" alt=\"\" srcset=\"https:\/\/gipsy-soignies.be\/wp-content\/uploads\/2018\/10\/gipsy-soignies-beau-arts-200x133.jpg 200w, https:\/\/gipsy-soignies.be\/wp-content\/uploads\/2018\/10\/gipsy-soignies-beau-arts-400x267.jpg 400w, https:\/\/gipsy-soignies.be\/wp-content\/uploads\/2018\/10\/gipsy-soignies-beau-arts.jpg 510w\" sizes=\"(min-width: 2200px) 100vw, (min-width: 692px) 565px, (min-width: 640px) 692px, \" \/><\/a><\/div><\/div><\/div><\/div><div class=\"awb-swiper-button awb-swiper-button-prev\"><i class=\"awb-icon-angle-left\" aria-hidden=\"true\"><\/i><\/div><div class=\"awb-swiper-button awb-swiper-button-next\"><i class=\"awb-icon-angle-right\" aria-hidden=\"true\"><\/i><\/div><\/div><\/div><div class=\"fusion-sep-clear\"><\/div><div class=\"fusion-separator\" style=\"margin-left: auto;margin-right: auto;margin-top:20px;width:100%;max-width:170px;\"><\/div><div class=\"fusion-sep-clear\"><\/div><div class=\"fusion-clearfix\"><\/div><\/div><\/div><\/div><\/div><div class=\"fusion-fullwidth fullwidth-box fusion-builder-row-2 hundred-percent-fullwidth non-hundred-percent-height-scrolling fusion-equal-height-columns\" style=\"--awb-background-position:left top;--awb-border-radius-top-left:0px;--awb-border-radius-top-right:0px;--awb-border-radius-bottom-right:0px;--awb-border-radius-bottom-left:0px;--awb-padding-top:0px;--awb-padding-right:0px;--awb-padding-bottom:0px;--awb-padding-left:0px;--awb-border-sizes-top:0px;--awb-border-sizes-bottom:0px;--awb-flex-wrap:wrap;\" ><div class=\"fusion-builder-row fusion-row\"><div class=\"fusion-layout-column fusion_builder_column fusion-builder-column-5 fusion_builder_column_1_2 1_2 fusion-one-half fusion-column-first\" style=\"--awb-bg-image:url(&#039;https:\/\/gipsy-soignies.be\/wp-content\/uploads\/2018\/10\/marques-papeterie.jpg&#039;);--awb-bg-size:cover;--awb-margin-bottom:0px;\"><div class=\"fusion-column-wrapper fusion-flex-column-wrapper-legacy fusion-empty-column-bg-image fusion-column-has-bg-image\" data-bg-url=\"https:\/\/gipsy-soignies.be\/wp-content\/uploads\/2018\/10\/marques-papeterie.jpg\"><img decoding=\"async\" class=\"fusion-empty-dims-img-placeholder fusion-no-large-visibility\" src=\"data:image\/svg+xml,%3Csvg%20xmlns%3D%27http%3A%2F%2Fwww.w3.org%2F2000%2Fsvg%27%20width%3D%271086%27%20height%3D%27690%27%20viewBox%3D%270%200%201086%20690%27%3E%3Crect%20width%3D%271086%27%20height%3D%27690%27%20fill-opacity%3D%220%22%2F%3E%3C%2Fsvg%3E\"><div class=\"fusion-clearfix\"><\/div><\/div><\/div><div class=\"fusion-layout-column fusion_builder_column fusion-builder-column-6 fusion_builder_column_1_2 1_2 fusion-one-half fusion-column-last\" style=\"--awb-padding-top:70px;--awb-padding-right:100px;--awb-padding-bottom:70px;--awb-padding-left:100px;--awb-bg-color:#282828;--awb-bg-color-hover:#282828;--awb-bg-size:cover;--awb-margin-bottom:0px;\"><div class=\"fusion-column-wrapper fusion-flex-column-wrapper-legacy\"><div class=\"fusion-text fusion-text-4\"><h5 style=\"text-align: center; color: #0c86bc; font-size: 20px; line-height: 30px; letter-spacing: 3px;\">Heures d&rsquo;ouverture<\/h5>\n<\/div><div class=\"fusion-sep-clear\"><\/div><div class=\"fusion-separator\" style=\"margin-left: auto;margin-right: auto;margin-top:0px;margin-bottom:40px;width:100%;max-width:50%;\"><div class=\"fusion-separator-border sep-single sep-solid\" style=\"--awb-height:20px;--awb-amount:20px;--awb-sep-color:#333333;border-color:#333333;border-top-width:1px;\"><\/div><\/div><div class=\"fusion-sep-clear\"><\/div><div class=\"fusion-text fusion-text-5\"><p style=\"text-align: center; margin-bottom: 0px;\"><span style=\"color: #ffffff; letter-spacing: 3px;\">Magasin ouvert du mercredi au samedi<\/span><\/p>\n<p style=\"text-align: center; font-family: 'Playfair Display', serif !important;\"><span style=\"font-size: 14pt;\">de 10h \u00e0 18 h<\/span><\/p>\n<p style=\"text-align: center; margin-bottom: 0px;\"><span style=\"color: #ffffff; letter-spacing: 3px;\">Nous sommes ferm\u00e9s<\/span><\/p>\n<p style=\"text-align: center; font-family: 'Playfair Display', serif !important;\"><span style=\"font-size: 14pt;\">Le dimanche, le lundi et le mardi<\/span><\/p>\n<\/div><div class=\"fusion-sep-clear\"><\/div><div class=\"fusion-separator\" style=\"margin-left: auto;margin-right: auto;margin-top:25px;width:100%;max-width:170px;\"><\/div><div class=\"fusion-sep-clear\"><\/div><div class=\"fusion-sep-clear\"><\/div><div class=\"fusion-separator\" style=\"margin-left: auto;margin-right: auto;margin-top:0px;margin-bottom:40px;width:100%;max-width:50%;\"><div class=\"fusion-separator-border sep-single sep-solid\" style=\"--awb-height:20px;--awb-amount:20px;--awb-sep-color:#333333;border-color:#333333;border-top-width:1px;\"><\/div><\/div><div class=\"fusion-sep-clear\"><\/div><div class=\"fusion-text fusion-text-6\"><p style=\"text-align: center; letter-spacing: 2px;\"><a style=\"color: #0c86bc;\" href=\"http:\/\/gipsy-soignies.be\/contact\">CONTACT<\/a><\/p>\n<\/div><div class=\"fusion-clearfix\"><\/div><\/div><\/div><\/div><\/div><\/p>\n","protected":false},"excerpt":{"rendered":"","protected":false},"author":1,"featured_media":0,"parent":0,"menu_order":0,"comment_status":"open","ping_status":"open","template":"100-width.php","meta":{"footnotes":""},"_links":{"self":[{"href":"https:\/\/gipsy-soignies.be\/home\/wp-json\/wp\/v2\/pages\/1901"}],"collection":[{"href":"https:\/\/gipsy-soignies.be\/home\/wp-json\/wp\/v2\/pages"}],"about":[{"href":"https:\/\/gipsy-soignies.be\/home\/wp-json\/wp\/v2\/types\/page"}],"author":[{"embeddable":true,"href":"https:\/\/gipsy-soignies.be\/home\/wp-json\/wp\/v2\/users\/1"}],"replies":[{"embeddable":true,"href":"https:\/\/gipsy-soignies.be\/home\/wp-json\/wp\/v2\/comments?post=1901"}],"version-history":[{"count":13,"href":"https:\/\/gipsy-soignies.be\/home\/wp-json\/wp\/v2\/pages\/1901\/revisions"}],"predecessor-version":[{"id":2819,"href":"https:\/\/gipsy-soignies.be\/home\/wp-json\/wp\/v2\/pages\/1901\/revisions\/2819"}],"wp:attachment":[{"href":"https:\/\/gipsy-soignies.be\/home\/wp-json\/wp\/v2\/media?parent=1901"}],"curies":[{"name":"wp","href":"https:\/\/api.w.org\/{rel}","templated":true}]}}